{"id":22,"date":"2022-02-07T16:02:44","date_gmt":"2022-02-07T15:02:44","guid":{"rendered":"https:\/\/gartenbauverein-erlbach.de\/?page_id=22"},"modified":"2024-11-06T15:28:39","modified_gmt":"2024-11-06T14:28:39","slug":"formulare","status":"publish","type":"page","link":"https:\/\/gartenbauverein-erlbach.de\/?page_id=22","title":{"rendered":"Formulare"},"content":{"rendered":"\n<div class=\"wp-block-group is-style-twentytwentyone-border\" style=\"padding-right:var(--wp--preset--spacing--20);padding-left:var(--wp--preset--spacing--20)\"><div class=\"wp-block-group__inner-container is-layout-constrained wp-container-core-group-is-layout-56a9e311 wp-block-group-is-layout-constrained\">\n<p>Beitrittserkl\u00e4rung:<\/p>\n\n\n\n<div class=\"wp-block-file file_downl\"><a id=\"wp-block-file--media-1741a935-f4ca-4121-820f-de40fd3651a9\" href=\"https:\/\/gartenbauverein-erlbach.de\/wp-content\/uploads\/2024\/10\/Anmeldeformular_GBV.pdf\" target=\"_blank\" rel=\"noreferrer noopener\">Anmeldeformular_GBV<\/a><a href=\"https:\/\/gartenbauverein-erlbach.de\/wp-content\/uploads\/2024\/10\/Anmeldeformular_GBV.pdf\" class=\"wp-block-file__button wp-element-button\" download aria-describedby=\"wp-block-file--media-1741a935-f4ca-4121-820f-de40fd3651a9\">Herunterladen<\/a><\/div>\n<\/div><\/div>\n\n\n\n<div class=\"wp-block-group is-style-twentytwentyone-border\" style=\"padding-right:var(--wp--preset--spacing--20);padding-left:var(--wp--preset--spacing--20)\"><div class=\"wp-block-group__inner-container is-layout-constrained wp-container-core-group-is-layout-56a9e311 wp-block-group-is-layout-constrained\">\n<p>Beitrittserkl\u00e4rung f\u00fcr Jugendliche:<\/p>\n\n\n\n<div class=\"wp-block-file file_downl\"><a id=\"wp-block-file--media-a93e734f-3164-4b28-81e1-f818d0c46293\" href=\"https:\/\/gartenbauverein-erlbach.de\/wp-content\/uploads\/2024\/11\/Beitrittserklaerung-zum-Gartenbauverein-Faltblatt-Beitrittserklaerung-Jugend-Einzelmitglied-DSGVO-072023.pdf\" target=\"_blank\" rel=\"noreferrer noopener\">Anmeldeformular_Jugend<\/a><a href=\"https:\/\/gartenbauverein-erlbach.de\/wp-content\/uploads\/2024\/11\/Beitrittserklaerung-zum-Gartenbauverein-Faltblatt-Beitrittserklaerung-Jugend-Einzelmitglied-DSGVO-072023.pdf\" class=\"wp-block-file__button wp-element-button\" download aria-describedby=\"wp-block-file--media-a93e734f-3164-4b28-81e1-f818d0c46293\">Herunterladen<\/a><\/div>\n<\/div><\/div>\n\n\n\n<p><\/p>\n","protected":false},"excerpt":{"rendered":"<p>Beitrittserkl\u00e4rung: Beitrittserkl\u00e4rung f\u00fcr Jugendliche:<\/p>\n","protected":false},"author":2,"featured_media":0,"parent":0,"menu_order":0,"comment_status":"closed","ping_status":"closed","template":"","meta":{"footnotes":""},"class_list":["post-22","page","type-page","status-publish","hentry","entry"],"_links":{"self":[{"href":"https:\/\/gartenbauverein-erlbach.de\/index.php?rest_route=\/wp\/v2\/pages\/22","targetHints":{"allow":["GET"]}}],"collection":[{"href":"https:\/\/gartenbauverein-erlbach.de\/index.php?rest_route=\/wp\/v2\/pages"}],"about":[{"href":"https:\/\/gartenbauverein-erlbach.de\/index.php?rest_route=\/wp\/v2\/types\/page"}],"author":[{"embeddable":true,"href":"https:\/\/gartenbauverein-erlbach.de\/index.php?rest_route=\/wp\/v2\/users\/2"}],"replies":[{"embeddable":true,"href":"https:\/\/gartenbauverein-erlbach.de\/index.php?rest_route=%2Fwp%2Fv2%2Fcomments&post=22"}],"version-history":[{"count":6,"href":"https:\/\/gartenbauverein-erlbach.de\/index.php?rest_route=\/wp\/v2\/pages\/22\/revisions"}],"predecessor-version":[{"id":309,"href":"https:\/\/gartenbauverein-erlbach.de\/index.php?rest_route=\/wp\/v2\/pages\/22\/revisions\/309"}],"wp:attachment":[{"href":"https:\/\/gartenbauverein-erlbach.de\/index.php?rest_route=%2Fwp%2Fv2%2Fmedia&parent=22"}],"curies":[{"name":"wp","href":"https:\/\/api.w.org\/{rel}","templated":true}]}}